he remainder when 53116965 is divided by 1812.
1809
Calculate the remainder when 140510846 is divided by 40.
6
What is the remainder when 3013648 is divided by 1194?
1186
Calculate the remainder when 2498513 is divided by 4880.
4833
Calculate the remainder when 84843771 is divided by 4461.
12
What is the remainder when 25474730 is divided by 84?
50
What is the remainder when 7799277 is divided by 3247?
3230
Calculate the remainder when 457600 is divided by 2567.
674
What is the remainder when 76667 is divided by 37492?
1683
Calculate the remainder when 10303797 is divided by 1122.
471
Calculate the remainder when 3969835 is divided by 5070.
25
Calculate the remainder when 15608 is divided by 800.
408
Calculate the remainder when 10954003 is divided by 26.
21
What is the remainder when 6226901 is divided by 889553?
30
What is the remainder when 2453792 is divided by 542?
158
What is the remainder when 103822 is divided by 34595?
37
Calculate the remainder when 284565403 is divided by 15.
13
What is the remainder when 584619 is divided by 194870?
9
What is the remainder when 1607587 is divided by 2458?
55
What is the remainder when 1225168 is divided by 22270?
318
Calculate the remainder when 9235962 is divided by 9235951.
11
Calculate the remainder when 845221 is divided by 22242.
25
What is the remainder when 7370 is divided by 3950?
3420
What is the remainder when 2806554 is divided by 400931?
37
Calculate the remainder when 1291471 is divided by 184477.
132
What is the remainder when 333298 is divided by 1722?
952
What is the remainder when 83875311 is divided by 915?
6
What is the remainder when 2271025 is divided by 58231?
16
Calculate the remainder when 224141 is divided by 699.
461
What is the remainder when 5024290 is divided by 1166?
1162
Calculate the remainder when 17296442 is divided by 134.
124
What is the remainder when 21748979 is divided by 56054?
27
Calculate the remainder when 8773070 is divided by 3887.
111
What is the remainder when 412688 is divided by 429?
419
Calculate the remainder when 655857 is divided by 217.
83
What is the remainder when 2070495 is divided by 456?
255
What is the remainder when 4429834 is divided by 74?
46
What is the remainder when 41387 is divided by 1293?
11
What is the remainder when 367716876 is divided by 19?
15
What is the remainder when 22096992 is divided by 246?
42
What is the remainder when 18958 is divided by 1569?
130
Calculate the remainder when 2201766 is divided by 66720.
6
What is the remainder when 1141803 is divided by 169?
39
What is the remainder when 1378637 is divided by 16?
13
Calculate the remainder when 27388216 is divided by 285.
1
Calculate the remainder when 609823551 is divided by 4.
3
Calculate the remainder when 9913164 is divided by 2657.
2554
What is the remainder when 14749828 is divided by 99?
16
Calculate the remainder when 15214 is divided by 1866.
286
What is the remainder when 227502 is divided by 24459?
7371
Calculate the remainder when 7752088 is divided by 508.
8
What is the remainder when 2766142 is divided by 387?
253
Calculate the remainder when 30355010 is divided by 30354984.
26
What is the remainder when 2732471 is divided by 455378?
203
Calculate the remainder when 150269 is divided by 35208.
9437
What is the remainder when 387409 is divided by 150?
109
Calculate the remainder when 58933979 is divided by 90.
89
What is the remainder when 12724 is divided by 12382?
342
What is the remainder when 517143 is divided by 587?
583
What is the remainder when 26056729 is divided by 74?
71
Calculate the remainder when 206603 is divided by 96.
11
What is the remainder when 63105540 is divided by 65941?
3
Calculate the remainder when 884474 is divided by 258.
50
What is the remainder when 1421869 is divided by 1421353?
516
What is the remainder when 63789547 is divided by 110?
107
What is the remainder when 1011140 is divided by 351?
260
Calculate the remainder when 4742767 is divided by 4071.
52
Calculate the remainder when 17318 is divided by 2970.
2468
What is the remainder when 18147 is divided by 3322?
1537
What is the remainder when 1707254 is divided by 34144?
54
What is the remainder when 14841693 is divided by 7718?
7697
Calculate the remainder when 5726822 is divided by 1767.
1742
Calculate the remainder when 611708755 is divided by 6695.
6690
Calculate the remainder when 5831 is divided by 2440.
951
What is the remainder when 32414298 is divided by 2160952?
18
What is the remainder when 291369 is divided by 12?
9
What is the remainder when 511735074 is divided by 3969?
3966
Calculate the remainder when 10833034 is divided by 1203.
19
What is the remainder when 2078096 is divided by 125?
96
Calculate the remainder when 9635029 is divided by 94.
29
What is the remainder when 50544 is divided by 4819?
2354
Calculate the remainder when 5075178 is divided by 4143.
3
Calculate the remainder when 41919 is divided by 439.
214
Calculate the remainder when 301226 is divided by 4905.
2021
Calculate the remainder when 313624 is divided by 22.
14
Calculate the remainder when 313061151 is divided by 926.
923
What is the remainder when 2449970 is divided by 151?
146
What is the remainder when 2082909 is divided by 30?
9
Calculate the remainder when 121001 is divided by 2431.
1882
What is the remainder when 19099820 is divided by 369?
11
Calculate the remainder when 14748624 is divided by 338.
332
Calculate the remainder when 2582465 is divided by 2727.
2723
Calculate the remainder when 40859854 is divided by 99.
79
What is the remainder when 334928 is divided by 2310?
2288
Calculate the remainder when 74728389 is divided by 3322.
3321
What is the remainder when 12479 is divided by 2274?
1109
What is the remainder when 140668673 is divided by 5?
3
What is the remainder when 34896605 is divided by 47?
45
Calculate the remainder when 50718 is divided by 701.
246
Calculate the remainder when 41913205 is divided by 1827.
1825
Calculate the remainder when 4039629 is divided by 3829.
34
Calculate the remainder when 3886220 is divided by 1142.
1136
What is the remainder when 169298153 is divided by 27?
26
What is the remainder when 13608 is divided by 10068?
3540
What is the remainder when 1032587 is divided by 5215?
17
What is the remainder when 16211887 is divided by 1191?
1186
What is the remainder when 96858723 is divided by 2867?
2862
What is the remainder when 13459281 is divided by 491?
480
Calculate the remainder when 2409439 is divided by 566.
543
Calculate the remainder when 86391309 is divided by 17278261.
4
What is the remainder when 915737 is divided by 953?
857
Calculate the remainder when 1305784 is divided by 5245.
5024
What is the remainder when 110561 is divided by 308?
297
Calculate the remainder when 91142 is divided by 12999.
149
What is the remainder when 31368 is divided by 678?
180
What is the remainder when 837114 is divided by 1674?
114
What is the remainder when 122901 is divided by 1617?
9
What is the remainder when 885930 is divided by 145?
125
What is the remainder when 110126 is divided by 744?
14
What is the remainder when 9610015 is divided by 171?
157
Calculate the remainder when 92613 is divided by 6496.
1669
Calculate the remainder when 27301199 is divided by 921.
917
What is the remainder when 57172737 is divided by 1091?
1064
What is the remainder when 14477288 is divided by 90483?
8
Calculate the remainder when 18465 is divided by 5925.
690
What is the remainder when 3579786 is divided by 71?
37
What is the remainder when 64925078 is divided by 295?
3
Calculate the remainder when 10702222 is divided by 217.
216
Calculate the remainder when 362009 is divided by 4641.
11
What is the remainder when 18026201 is divided by 1302?
11
Calculate the remainder when 47224082 is divided by 182.
178
Calculate the remainder when 267763 is divided by 325.
288
Calculate the remainder when 372746 is divided by 887.
206
What is the remainder when 174790440 is divided by 3182?
3180
Calculate the remainder when 15368632 is divided by 117.
97
What is the remainder when 7483653 is divided by 7?
2
Calculate the remainder when 12751953 is divided by 36.
33
Calculate the remainder when 612464 is divided by 227.
18
What is the remainder when 7072257 is divi